).
99
Let y(c) = 21*c - 36. Calculate y(2).
6
Let t(o) = o**2 + 21*o - 122. Give t(-26).
8
Let d(g) = -8*g + 286. What is d(36)?
-2
Let i(r) = r**3 + r**2 + 2*r + 30. Calculate i(-3).
6
Let f(r) = 3*r + 45. Determine f(-9).
18
Let c(p) = 2*p**3 + 12*p**2 + 3*p - 19. Calculate c(-6).
-37
Let k(s) = -2*s + 2. What is k(2)?
-2
Let p(d) = d**2 - 9*d + 7. Calculate p(7).
-7
Let d(b) = b**3 - 4*b**2 - 7*b - 4. Determine d(-2).
-14
Let a(c) = c - 95. Determine a(20).
-75
Let r(n) = n**3 + 14*n**2 + 55*n + 25. Give r(-6).
-17
Let j(o) = -o**2 + 29*o - 119. Give j(24).
1
Let k(d) = 5*d**2 + d - 9. Calculate k(2).
13
Let y(i) = -i**2 + 65*i + 658. Calculate y(74).
-8
Let q(v) = v**3 + v**2 - 3*v + 2. Determine q(2).
8
Let v(m) = -5*m**2 - 38*m - 28. Give v(-7).
-7
Let y(x) = x**3 - 7*x**2 - x + 3. What is y(6)?
-39
Let f(m) = 2*m**3 - 9*m**2 + 8*m + 5. Calculate f(3).
2
Let t(n) = -5*n**3 + n**2 - n + 1. Determine t(1).
-4
Let x(u) = -2*u**2 - 21*u - 61. Determine x(-6).
-7
Let v(c) = -3*c - 5. Give v(-7).
16
Let k(h) = -15*h - 27. Give k(8).
-147
Let v(u) = -u**2 - 9*u - 14. What is v(-4)?
6
Let g(x) = x**3 + 8*x**2 - 12*x - 22. Determine g(-9).
5
Let p(i) = i + 9. Calculate p(-14).
-5
Let x(f) = -f**2 - 11*f + 52. Give x(-15).
-8
Let t(j) = 11*j + 117. What is t(-11)?
-4
Let k(a) = a**3 + 9*a**2 - 5*a - 50. Calculate k(-9).
-5
Let i(u) = -2*u + 32. Calculate i(13).
6
Let o(f) = -f**3 - 6*f**2 + 15*f + 5. Give o(-5).
-95
Let u(z) = -z**3 + z**2 - z - 49. Calculate u(0).
-49
Let x(b) = b**3 + 5*b**2 + 4*b + 7. What is x(-4)?
7
Let r(a) = -4*a - 6. Give r(-9).
30
Let q(n) = -3*n**2 - 19*n + 12. Determine q(-7).
-2
Let h(r) = 3*r + 59. Calculate h(-17).
8
Let c(d) = -6*d**2 - 2*d - 1. Calculate c(-1).
-5
Let b(g) = 2*g**2 + 19*g. Calculate b(-10).
10
Let f(o) = 2*o + 16. Calculate f(5).
26
Let h(r) = -r**3 + 6*r**2 + 3*r - 8. What is h(6)?
10
Let m(a) = a**3 - 4*a**2 - a - 2. Calculate m(3).
-14
Let h(w) = -w**3 + 4*w**2 - w - 2. Determine h(2).
4
Let p(f) = 58*f**2 + 3*f + 2. Determine p(1).
63
Let v(w) = -10*w - 12. What is v(-8)?
68
Let l(v) = -3*v**2 - 5*v - 2. Calculate l(-2).
-4
Let f(u) = -2*u**3 - 41*u**2 - 14*u + 24. Calculate f(-20).
-96
Let s(o) = -o**3 + 19*o**2 + 91*o + 3. Calculate s(-4).
7
Let r(n) = -16*n + 157. What is r(7)?
45
Let i(q) = 11*q - 24. Calculate i(3).
9
Let y(q) = -6*q + 80. What is y(14)?
-4
Let f(o) = 107*o - 652. What is f(6)?
-10
Let a(s) = -2*s**3 + 6*s + 6. What is a(-3)?
42
Let d(k) = k**2 - 9*k + 12. What is d(9)?
12
Let a(x) = x**3 - 2*x**2 - 3*x + 5. What is a(2)?
-1
Let b(n) = -n**2 - 9*n - 5. Determine b(-7).
9
Let m(p) = p**2 + 4*p + 6. Determine m(-5).
11
Let d(u) = -34*u - 24. What is d(-3)?
78
Let k(j) = 3*j**2 - 11*j + 2. What is k(4)?
6
Let c(j) = -j**2 + 9*j. Give c(9).
0
Let c(b) = -b**3 + 7*b**2 - 2*b - 25. Determine c(6).
-1
Let r(k) = -2*k**2 + 28*k + 2. What is r(14)?
2
Let f(j) = -16*j - 144. Calculate f(-9).
0
Let q(n) = -n**3 + 2*n + 3. Give q(-2).
7
Let y(d) = d - 3. Calculate y(6).
3
Let o(v) = -5*v**2 - 30*v - 22. Determine o(-5).
3
Let p(y) = y**3 - 8*y**2 - 9*y - 11. Calculate p(9).
-11
Let n(l) = l + 23. What is n(0)?
23
Let f(i) = 3*i - 3. Calculate f(-2).
-9
Let b(q) = q**3 + 15*q**2 + 2*q - 36. What is b(-15)?
-66
Let h(n) = -38*n + 223. Determine h(6).
-5
Let y(o) = -o**2 - 7*o + 16. Calculate y(-6).
22
Let m(u) = 2*u**2 + 8*u + 3. Give m(-7).
45
Let f(x) = 2*x + 9. What is f(-2)?
5
Let h(t) = 2*t. Give h(-5).
-10
Let s(w) = w**2 - 31*w + 55. Calculate s(27).
-53
Let f(v) = 5*v - 30. Give f(13).
35
Let q(r) = -5*r**2 + 4*r - 2. Determine q(-3).
-59
Let y(v) = -v**3 + 2*v**2 + 2*v + 1. Calculate y(-3).
40
Let i(n) = -32*n - 17. Calculate i(6).
-209
Let y(h) = -6*h**2 + 137*h + 29. What is y(23)?
6
Let r(u) = -u**2 - 4*u - 9. What is r(0)?
-9
Let k(u) = 23*u**2 - 3*u + 1. What is k(2)?
87
Let k(f) = 2*f**2 - 17*f - 5. Calculate k(9).
4
Let y(s) = -17*s - 1. Determine y(-2).
33
Let c(m) = -m**3 + 17*m**2 - 23. Calculate c(17).
-23
Let q(g) = g**2 - 29*g + 211. Determine q(13).
3
Let q(y) = -10*y - 33. What is q(-13)?
97
Let d(g) = g**3 + 11*g**2 + 7*g - 13. Give d(-10).
17
Let u(w) = -w**3 + 5*w**2 - 3*w + 6. Calculate u(5).
-9
Let q(i) = -33*i - 175. What is q(-8)?
89
Let j(t) = 2*t**3 - 24*t**2 + 53*t + 22. Give j(9).
13
Let g(b) = -b**3 - 11*b**2 + 2*b + 25. Determine g(-11).
3
Let u(b) = -b**3 - 9*b**2 - 5*b - 3. Calculate u(-8).
-27
Let a(b) = -4*b**2 - 25*b - 4. Give a(-6).
2
Let t(s) = -s**3 - 4*s**2 - 3*s + 4. What is t(-4)?
16
Let p(m) = -3*m - 41. Calculate p(-11).
-8
Let q(z) = z**3 + 19*z**2 - 14*z + 85. Calculate q(-20).
-35
Let g(j) = -2*j - 2. What is g(-3)?
4
Let l(b) = 2*b**2 + 47*b + 12. What is l(-23)?
-11
Let l(y) = -y + 16. Determine l(9).
7
Let s(g) = 2*g + 2. Determine s(8).
18
Let h(j) = -2*j**2 - 4*j - 9. Determine h(-5).
-39
Let w(a) = a**3 + 3*a**2 - 19*a - 12. Give w(-6).
-6
Let b(h) = h**2 - 5*h - 36. Determine b(15).
114
Let y(m) = -7*m - 32. Determine y(-6).
10
Let o(m) = m**2 - 15*m - 6. Give o(11).
-50
Let w(k) = -k**3 - 16*k**2 + 19*k + 34. What is w(-17)?
0
Let g(q) = -q**3 + 16*q**2 + 15*q + 16. Determine g(17).
-18
Let t(u) = 12*u - 3. What is t(-2)?
-27
Let b(m) = -m**3 - 9*m**2 - 4*m + 28. Determine b(-8).
-4
Let z(s) = -6*s + 41. Calculate z(8).
-7
Let f(i) = i**2 + 5*i + 7. What is f(-5)?
7
Let i(m) = 4*m + 90. Calculate i(-24).
-6
Let t(h) = -h**3 - 4*h**2 + 4*h - 8. Determine t(-6).
40
Let f(x) = x**3 - 15*x**2 - x + 4. Calculate f(15).
-11
Let h(z) = -z - 55. Calculate h(0).
-55
Let h(f) = f**3 + 6*f**2 + 7*f + 7. Determine h(-5).
-3
Let q(a) = -3*a + 14. Determine q(7).
-7
Let u(n) = 5*n + 17. What is u(-8)?
-23
Let j(z) = z**3 + 29*z**2 - 29*z - 34. Determine j(-30).
-64
Let s(y) = 4*y + 14. Calculate s(-4).
-2
Let q(w) = -w**3 + 3*w**2 + 6*w - 6. Give q(3).
12
Let l(x) = -44*x**2 - 1. Calculate l(-1).
-45
Let r(p) = -2*p + 17. Determine r(8).
1
Let o(z) = -z**2 - 17*z - 20. What is o(-7)?
50
Let o(h) = -h**3 + 9*h**2 + 12*h - 8. Determine o(10).
12
Let u(a) = -a**3 - 6*a**2 - 3*a - 10. Give u(-4).
-30
Let a(l) = -2*l**3 - 6*l**2 - 3*l + 8. Calculate a(-3).
17
Let a(s) = 7*s + 12. Give a(-1).
5
Let a(x) = x**3 + 7*x**2 + 11*x + 6. Give a(-5).
1
Let h(i) = i**3 - 10*i**2 - 14*i + 13. Determine h(11).
-20
Let p(v) = -9*v - 18. What is p(6)?
-72
Let l(g) = 14*g - 32. Calculate l(2).
-4
Let k(f) = f**3 - 11*f**2 + 22*f - 9. Determine k(8).
-25
Let v(j) = 3*j**2 + 2*j - 10. Calculate v(4).
46
Let c(q) = q - 22. Give c(9).
-13
Let l(s) = 3*s - 12. Give l(4).
0
Let s(n) = n**2 + 4*n - 41. Determine s(-8).
-9
Let t(y) = 2*y + 27. Determine t(-16).
-5
Let r(b) = 2*b**2 - b + 3. What is r(4)?
31
Let w(u) = -7*u - 10. Give w(3).
-31
Let o(k) = -2*k - 3. What is o(-3)?
3
Let c(o) = -o**3 - 21*o**2 + 2*o + 47. Determine c(-21).
5
Let y(s) = s**2 - 10*s + 12. Calculate y(10).
12
Let y(b) = -b**3 + 5*b**2 - 4*b - 6. Calculate y(4).
-6
Let c(p) = -p**2 - 13*p + 228. Give c(10).
-2
Let l(o) = -o**3 - 2*o**2 - 2. Calculate l(-3).
7
Let i(d) = -2*d**2 - 13*d - 2. Give i(-6).
4
Let l(k) = 5*k + 18. What is l(2)?
28
Let n(f) = -f**2 + 20*f + 1. What is n(18)?
37
Let h(r) = -2*r**2 + 6*r + 7. Determine h(5).
-13
Let a(g) = -4*g**2 - 5*g + 5. What is a(1)?
-4
Let s(h) = -h**3 - 7*h**2 + 3. Calculate s(-3).
-33
Let h(w) = -5*w**2 + 5*w + 11. Calculate h(5).
-89
Let b(f) = -f**2 + 25*f + 91. Determine b(29).
-25
Let m(b) = -19*b - 163. Give m(-10).
27
Let w(f) = -f**3 - 5*f**2 - 4*f - 14. Give w(-5).
6
Let w(m) = -m**3 - 8*m**2 + 8*m - 5. What is w(-9)?
4
Let o(m) = m**3 + 18*m**2 + 17*m - 6. Determine o(-17).
-6
Let u(a) = 5*a**2 + 3*a + 5. Determine u(-2).
19
Let a(x) = -19*x - 116. What is a(-6)?
-2
Let g(f) = 5*f - 5. Determine g(2).
5
Let u(s) = 28*s - 104. What is u(7)?
92
Let m(a) = -16*a + 101. Calculate m(6).
5
Let r(j) = -j**3 - 2*j**2 - j + 4. Determine r(0).
4
Let x(l) = -l**3 - 4*l**2 - 42*l - 120. Calculate x(-3).
-3
Let s(t) = 2*t**3 - 26*t**2 - t + 22. What is s(13)?
9
Let u(f) = -20*f**3 - 2*f**2 + 1. What is u(-1)?
19
Let z(c) = -c**3 - 10*c**2 - 4*c - 9. Determine z(-7).
-128
Let m(t) = t**3 + 5*t**2 + 2*t - 9. Calculate m(-5).
-19
Let v(n) = -n**2 - 4*n + 8. What is v(-6)?
-4
Let c(g) = -g**2 + g + 43. What is c(0)?
43
Let i(f) = 10*f - 30. Give 